{"id":14,"date":"2023-08-22T18:40:56","date_gmt":"2023-08-22T21:40:56","guid":{"rendered":"https:\/\/pluginsds.com\/sites\/?page_id=14"},"modified":"2024-05-02T10:07:20","modified_gmt":"2024-05-02T13:07:20","slug":"nossa-equipe","status":"publish","type":"page","link":"https:\/\/meusite.tec.br\/estetica\/nossa-equipe\/","title":{"rendered":"Nossa Equipe"},"content":{"rendered":"\t\t<div data-elementor-type=\"wp-page\" data-elementor-id=\"14\" class=\"elementor elementor-14\" data-elementor-post-type=\"page\">\n\t\t\t\t<div class=\"elementor-element elementor-element-cc2dd41 e-flex e-con-boxed e-con e-parent\" data-id=\"cc2dd41\" data-element_type=\"container\" data-e-type=\"container\" data-settings=\"{&quot;background_background&quot;:&quot;classic&quot;}\">\n\t\t\t\t\t<div class=\"e-con-inner\">\n\t\t\t\t<div class=\"elementor-element elementor-element-51caf4c elementor-widget elementor-widget-heading\" data-id=\"51caf4c\" data-element_type=\"widget\" data-e-type=\"widget\" data-widget_type=\"heading.default\">\n\t\t\t\t<div class=\"elementor-widget-container\">\n\t\t\t\t\t<h2 class=\"elementor-heading-title elementor-size-default\">Nossa Equipe\n<\/h2>\t\t\t\t<\/div>\n\t\t\t\t<\/div>\n\t\t\t\t<div class=\"elementor-element elementor-element-dde0528 elementor-widget elementor-widget-heading\" data-id=\"dde0528\" data-element_type=\"widget\" data-e-type=\"widget\" data-widget_type=\"heading.default\">\n\t\t\t\t<div class=\"elementor-widget-container\">\n\t\t\t\t\t<h2 class=\"elementor-heading-title elementor-size-default\">Conhe\u00e7a a Nossa Equipe de Especialistas em Est\u00e9tica, unindo Talentos para Real\u00e7ar Sua Beleza\n<\/h2>\t\t\t\t<\/div>\n\t\t\t\t<\/div>\n\t\t\t\t\t<\/div>\n\t\t\t\t<\/div>\n\t\t<div class=\"elementor-element elementor-element-226474a e-flex e-con-boxed e-con e-parent\" data-id=\"226474a\" data-element_type=\"container\" data-e-type=\"container\">\n\t\t\t\t\t<div class=\"e-con-inner\">\n\t\t\t\t<div class=\"elementor-element elementor-element-4971655 animated-slow elementor-position-top elementor-invisible elementor-widget elementor-widget-image-box\" data-id=\"4971655\" data-element_type=\"widget\" data-e-type=\"widget\" data-settings=\"{&quot;_animation&quot;:&quot;fadeIn&quot;,&quot;_animation_delay&quot;:300}\" data-widget_type=\"image-box.default\">\n\t\t\t\t<div class=\"elementor-widget-container\">\n\t\t\t\t\t<div class=\"elementor-image-box-wrapper\"><figure class=\"elementor-image-box-img\"><a href=\"https:\/\/meusite.tec.br\/estetica\/dra-anastasia\/\" tabindex=\"-1\"><img fetchpriority=\"high\" decoding=\"async\" width=\"400\" height=\"400\" src=\"https:\/\/meusite.tec.br\/estetica\/wp-content\/uploads\/2023\/08\/Design-sem-nome-99.png\" class=\"attachment-full size-full wp-image-182\" alt=\"\" srcset=\"https:\/\/meusite.tec.br\/estetica\/wp-content\/uploads\/2023\/08\/Design-sem-nome-99.png 400w, https:\/\/meusite.tec.br\/estetica\/wp-content\/uploads\/2023\/08\/Design-sem-nome-99-300x300.png 300w, https:\/\/meusite.tec.br\/estetica\/wp-content\/uploads\/2023\/08\/Design-sem-nome-99-150x150.png 150w\" sizes=\"(max-width: 400px) 100vw, 400px\" \/><\/a><\/figure><div class=\"elementor-image-box-content\"><h3 class=\"elementor-image-box-title\"><a href=\"https:\/\/meusite.tec.br\/estetica\/dra-anastasia\/\">Dra K\u00e1tia Nunes<\/a><\/h3><p class=\"elementor-image-box-description\">CRM 0001-000 <br><br>\nLorem ipsum dolor sit amet, consectetur adipiscing elit. Ut elit tellus, luctus nec ullamcorper mattis, pulvinar dapibus leo.<br>\n\n<a href=\"https:\/\/meusite.tec.br\/estetica\/dra-anastasia\/\"><span style=\"text-decoration: underline\">Saiba Mais<\/span><\/a><\/p><\/div><\/div>\t\t\t\t<\/div>\n\t\t\t\t<\/div>\n\t\t\t\t<div class=\"elementor-element elementor-element-4270785 animated-slow elementor-position-top elementor-invisible elementor-widget elementor-widget-image-box\" data-id=\"4270785\" data-element_type=\"widget\" data-e-type=\"widget\" data-settings=\"{&quot;_animation&quot;:&quot;fadeIn&quot;,&quot;_animation_delay&quot;:300}\" data-widget_type=\"image-box.default\">\n\t\t\t\t<div class=\"elementor-widget-container\">\n\t\t\t\t\t<div class=\"elementor-image-box-wrapper\"><figure class=\"elementor-image-box-img\"><a href=\"https:\/\/meusite.tec.br\/estetica\/dra-priscila\/\" tabindex=\"-1\"><img decoding=\"async\" width=\"400\" height=\"400\" src=\"https:\/\/meusite.tec.br\/estetica\/wp-content\/uploads\/2023\/08\/Design-sem-nome-97.png\" class=\"attachment-full size-full wp-image-426\" alt=\"\" srcset=\"https:\/\/meusite.tec.br\/estetica\/wp-content\/uploads\/2023\/08\/Design-sem-nome-97.png 400w, https:\/\/meusite.tec.br\/estetica\/wp-content\/uploads\/2023\/08\/Design-sem-nome-97-300x300.png 300w, https:\/\/meusite.tec.br\/estetica\/wp-content\/uploads\/2023\/08\/Design-sem-nome-97-150x150.png 150w\" sizes=\"(max-width: 400px) 100vw, 400px\" \/><\/a><\/figure><div class=\"elementor-image-box-content\"><h3 class=\"elementor-image-box-title\"><a href=\"https:\/\/meusite.tec.br\/estetica\/dra-priscila\/\">Dra Pricila<\/a><\/h3><p class=\"elementor-image-box-description\">CRM 0001-000 <br><br>\nLorem ipsum dolor sit amet, consectetur adipiscing elit. Ut elit tellus, luctus nec ullamcorper mattis, pulvinar dapibus leo.<br>\n\n<a href=\"https:\/\/meusite.tec.br\/estetica\/dra-priscila\/\"><span style=\"text-decoration: underline\">Saiba Mais<\/span><\/a><\/p><\/div><\/div>\t\t\t\t<\/div>\n\t\t\t\t<\/div>\n\t\t\t\t<div class=\"elementor-element elementor-element-544f02b animated-slow elementor-position-top elementor-invisible elementor-widget elementor-widget-image-box\" data-id=\"544f02b\" data-element_type=\"widget\" data-e-type=\"widget\" data-settings=\"{&quot;_animation&quot;:&quot;fadeIn&quot;,&quot;_animation_delay&quot;:300}\" data-widget_type=\"image-box.default\">\n\t\t\t\t<div class=\"elementor-widget-container\">\n\t\t\t\t\t<div class=\"elementor-image-box-wrapper\"><figure class=\"elementor-image-box-img\"><a href=\"https:\/\/meusite.tec.br\/estetica\/dr-fernando\/\" tabindex=\"-1\"><img decoding=\"async\" width=\"400\" height=\"400\" src=\"https:\/\/meusite.tec.br\/estetica\/wp-content\/uploads\/2023\/08\/Design-sem-nome-100.png\" class=\"attachment-full size-full wp-image-430\" alt=\"\" srcset=\"https:\/\/meusite.tec.br\/estetica\/wp-content\/uploads\/2023\/08\/Design-sem-nome-100.png 400w, https:\/\/meusite.tec.br\/estetica\/wp-content\/uploads\/2023\/08\/Design-sem-nome-100-300x300.png 300w, https:\/\/meusite.tec.br\/estetica\/wp-content\/uploads\/2023\/08\/Design-sem-nome-100-150x150.png 150w\" sizes=\"(max-width: 400px) 100vw, 400px\" \/><\/a><\/figure><div class=\"elementor-image-box-content\"><h3 class=\"elementor-image-box-title\"><a href=\"https:\/\/meusite.tec.br\/estetica\/dr-fernando\/\">Dr Fernando<\/a><\/h3><p class=\"elementor-image-box-description\">CRM 0001-000 <br><br>\nLorem ipsum dolor sit amet, consectetur adipiscing elit. Ut elit tellus, luctus nec ullamcorper mattis, pulvinar dapibus leo.\n<br>\n<a href=\"https:\/\/meusite.tec.br\/estetica\/dr-fernando\/\"><span style=\"text-decoration: underline\">Saiba Mais<\/span><\/a><\/p><\/div><\/div>\t\t\t\t<\/div>\n\t\t\t\t<\/div>\n\t\t\t\t<div class=\"elementor-element elementor-element-1b30ee1 animated-slow elementor-position-top elementor-invisible elementor-widget elementor-widget-image-box\" data-id=\"1b30ee1\" data-element_type=\"widget\" data-e-type=\"widget\" data-settings=\"{&quot;_animation&quot;:&quot;fadeIn&quot;,&quot;_animation_delay&quot;:300}\" data-widget_type=\"image-box.default\">\n\t\t\t\t<div class=\"elementor-widget-container\">\n\t\t\t\t\t<div class=\"elementor-image-box-wrapper\"><figure class=\"elementor-image-box-img\"><a href=\"https:\/\/meusite.tec.br\/estetica\/dra-julia\/\" tabindex=\"-1\"><img loading=\"lazy\" decoding=\"async\" width=\"400\" height=\"400\" src=\"https:\/\/meusite.tec.br\/estetica\/wp-content\/uploads\/2023\/08\/Design-sem-nome-98.png\" class=\"attachment-full size-full wp-image-425\" alt=\"\" srcset=\"https:\/\/meusite.tec.br\/estetica\/wp-content\/uploads\/2023\/08\/Design-sem-nome-98.png 400w, https:\/\/meusite.tec.br\/estetica\/wp-content\/uploads\/2023\/08\/Design-sem-nome-98-300x300.png 300w, https:\/\/meusite.tec.br\/estetica\/wp-content\/uploads\/2023\/08\/Design-sem-nome-98-150x150.png 150w\" sizes=\"(max-width: 400px) 100vw, 400px\" \/><\/a><\/figure><div class=\"elementor-image-box-content\"><h3 class=\"elementor-image-box-title\"><a href=\"https:\/\/meusite.tec.br\/estetica\/dra-julia\/\">Dra J\u00falia<\/a><\/h3><p class=\"elementor-image-box-description\">CRM 0001-000 <br><br>\n\nLorem ipsum dolor sit amet, consectetur adipiscing elit. Ut elit tellus, luctus nec ullamcorper mattis, pulvinar dapibus leo.<br>\n\n<a href=\"https:\/\/meusite.tec.br\/estetica\/dra-julia\/\"><span style=\"text-decoration: underline\">Saiba Mais<\/span><\/a>\n<\/p><\/div><\/div>\t\t\t\t<\/div>\n\t\t\t\t<\/div>\n\t\t\t\t\t<\/div>\n\t\t\t\t<\/div>\n\t\t<div class=\"elementor-element elementor-element-6b12026 e-flex e-con-boxed e-con e-parent\" data-id=\"6b12026\" data-element_type=\"container\" data-e-type=\"container\">\n\t\t\t\t\t<div class=\"e-con-inner\">\n\t\t\t\t<div class=\"elementor-element elementor-element-a2dc815 elementor-align-center elementor-widget elementor-widget-button\" data-id=\"a2dc815\" data-element_type=\"widget\" data-e-type=\"widget\" data-widget_type=\"button.default\">\n\t\t\t\t<div class=\"elementor-widget-container\">\n\t\t\t\t\t\t\t\t\t<div class=\"elementor-button-wrapper\">\n\t\t\t\t\t<a class=\"elementor-button elementor-button-link elementor-size-sm elementor-animation-grow\" href=\"#\">\n\t\t\t\t\t\t<span class=\"elementor-button-content-wrapper\">\n\t\t\t\t\t\t<span class=\"elementor-button-icon\">\n\t\t\t\t<i aria-hidden=\"true\" class=\"fab fa-whatsapp\"><\/i>\t\t\t<\/span>\n\t\t\t\t\t\t\t\t\t<span class=\"elementor-button-text\">Agendar Consulta<\/span>\n\t\t\t\t\t<\/span>\n\t\t\t\t\t<\/a>\n\t\t\t\t<\/div>\n\t\t\t\t\t\t\t\t<\/div>\n\t\t\t\t<\/div>\n\t\t\t\t\t<\/div>\n\t\t\t\t<\/div>\n\t\t\t\t<\/div>\n\t\t","protected":false},"excerpt":{"rendered":"<p>Nossa Equipe Conhe\u00e7a a Nossa Equipe de Especialistas em Est\u00e9tica, unindo Talentos para Real\u00e7ar Sua Beleza Dra K\u00e1tia Nunes CRM 0001-000 Lorem ipsum dolor sit amet, consectetur adipiscing elit. Ut elit tellus, luctus nec ullamcorper mattis, pulvinar dapibus leo. Saiba Mais Dra Pricila CRM 0001-000 Lorem ipsum dolor sit amet, consectetur adipiscing elit. Ut elit [&hellip;]<\/p>\n","protected":false},"author":3,"featured_media":0,"parent":0,"menu_order":0,"comment_status":"closed","ping_status":"closed","template":"elementor_header_footer","meta":{"_joinchat":[],"footnotes":""},"class_list":["post-14","page","type-page","status-publish","hentry"],"_links":{"self":[{"href":"https:\/\/meusite.tec.br\/estetica\/wp-json\/wp\/v2\/pages\/14","targetHints":{"allow":["GET"]}}],"collection":[{"href":"https:\/\/meusite.tec.br\/estetica\/wp-json\/wp\/v2\/pages"}],"about":[{"href":"https:\/\/meusite.tec.br\/estetica\/wp-json\/wp\/v2\/types\/page"}],"author":[{"embeddable":true,"href":"https:\/\/meusite.tec.br\/estetica\/wp-json\/wp\/v2\/users\/3"}],"replies":[{"embeddable":true,"href":"https:\/\/meusite.tec.br\/estetica\/wp-json\/wp\/v2\/comments?post=14"}],"version-history":[{"count":37,"href":"https:\/\/meusite.tec.br\/estetica\/wp-json\/wp\/v2\/pages\/14\/revisions"}],"predecessor-version":[{"id":1381,"href":"https:\/\/meusite.tec.br\/estetica\/wp-json\/wp\/v2\/pages\/14\/revisions\/1381"}],"wp:attachment":[{"href":"https:\/\/meusite.tec.br\/estetica\/wp-json\/wp\/v2\/media?parent=14"}],"curies":[{"name":"wp","href":"https:\/\/api.w.org\/{rel}","templated":true}]}}